{"id":809,"date":"2020-05-23T21:59:07","date_gmt":"2020-05-23T21:59:07","guid":{"rendered":"http:\/\/pluso2urban.com\/?page_id=809"},"modified":"2024-05-09T20:55:28","modified_gmt":"2024-05-09T20:55:28","slug":"caracteristicas","status":"publish","type":"page","link":"http:\/\/pluso2urban.com\/index.php\/caracteristicas\/","title":{"rendered":"CARACTER\u00cdSTICAS"},"content":{"rendered":"<p>[vc_row][vc_column]<div class=\"section-title  text-center\"><h2 data-bigletter=\"C\">CARACTER\u00cdSTICAS<\/h2><hr><p>PLUSO2URBAN<\/p><\/div>[\/vc_column][\/vc_row][vc_row][vc_column width=&#8221;1\/2&#8243;][vc_column_text css_animation=&#8221;bounceInLeft&#8221;]<\/p>\n<h3>CARACTER\u00cdSTICAS URBAN SPORT<\/h3>\n<p>\u2022 Larga durabilidad<br \/>\n\u2022 M\u00e1scara con c\u00e1mara de filtros extra\u00edbles.<br \/>\n\u2022 Filtro no reutilizable.<br \/>\n\u2022 Carcasa lavable y esterilizable.<br \/>\n\u2022 BFE: Eficiencia de filtraci\u00f3n bacteriana 95,9%.<br \/>\n\u2022 Respirabilidad &lt; 29 Pa\/cm2<br \/>\n\u2022 Eficacia filtraci\u00f3n aerosoles &gt; 97,6% seg\u00fan UNE 13274.<br \/>\n\u2022 Eficacia filtraci\u00f3n part\u00edculas &gt; 97,9% seg\u00fan UNE 13274.<br \/>\n\u2022 No desprende olores desagradables.<br \/>\n\u2022 Libre de ingredientes t\u00f3xicos o nocivos.<br \/>\n\u2022 No se empa\u00f1an las gafas.<br \/>\n\u2022 Talla \u00fanica.: M \/L. Altura 13 cm, ancho 12 cm.[\/vc_column_text][\/vc_column][vc_column width=&#8221;1\/2&#8243;][vc_column_text css_animation=&#8221;bounceInRight&#8221;]<\/p>\n<h3>CARACTER\u00cdSTICAS URBAN filtro IIR.<\/h3>\n<p>\u2022 Larga durabilidad<br \/>\n\u2022 M\u00e1scara con c\u00e1mara de filtros extra\u00edbles.<br \/>\n\u2022 Filtro reutilizable: 29 lavados.<br \/>\n\u2022 Carcasa lavable y esterilizable.<br \/>\n\u2022 Filtro con resistencia a salpicaduras 17 kPA<br \/>\n\u2022 BFE: Eficiencia de filtraci\u00f3n bacteriana 98,7%.<br \/>\n\u2022 Respirabilidad &lt; 58 Pa\/cm2<br \/>\n\u2022 Eficacia filtraci\u00f3n aerosoles &gt; 97% seg\u00fan UNE 13274.<br \/>\n\u2022 Eficacia filtraci\u00f3n part\u00edculas &gt; 96% seg\u00fan UNE 13274.<br \/>\n\u2022 No desprende olores desagradables.<br \/>\n\u2022 Libre de ingredientes t\u00f3xicos o nocivos.<br \/>\n\u2022 No se empa\u00f1an las gafas.<br \/>\n\u2022 Talla \u00fanica.: M \/L. Altura 13 cm, ancho 12 cm.[\/vc_column_text][\/vc_column][\/vc_row]<\/p>\n","protected":false},"excerpt":{"rendered":"<p>[vc_row][vc_column][\/vc_column][\/vc_row][vc_row][vc_column width=&#8221;1\/2&#8243;][vc_column_text css_animation=&#8221;bounceInLeft&#8221;] CARACTER\u00cdSTICAS URBAN SPORT \u2022 Larga durabilidad \u2022 M\u00e1scara con c\u00e1mara de filtros extra\u00edbles. \u2022 Filtro no reutilizable. \u2022 Carcasa lavable y esterilizable. \u2022 BFE: Eficiencia de filtraci\u00f3n bacteriana 95,9%. \u2022 Respirabilidad &lt; 29 Pa\/cm2 \u2022 Eficacia filtraci\u00f3n aerosoles &gt; 97,6% seg\u00fan UNE 13274. \u2022 Eficacia filtraci\u00f3n part\u00edculas &gt; 97,9% seg\u00fan UNE 13274. [&hellip;]<\/p>\n","protected":false},"author":1,"featured_media":0,"parent":0,"menu_order":0,"comment_status":"closed","ping_status":"closed","template":"","meta":{"footnotes":""},"class_list":["post-809","page","type-page","status-publish","hentry"],"_links":{"self":[{"href":"http:\/\/pluso2urban.com\/index.php\/wp-json\/wp\/v2\/pages\/809","targetHints":{"allow":["GET"]}}],"collection":[{"href":"http:\/\/pluso2urban.com\/index.php\/wp-json\/wp\/v2\/pages"}],"about":[{"href":"http:\/\/pluso2urban.com\/index.php\/wp-json\/wp\/v2\/types\/page"}],"author":[{"embeddable":true,"href":"http:\/\/pluso2urban.com\/index.php\/wp-json\/wp\/v2\/users\/1"}],"replies":[{"embeddable":true,"href":"http:\/\/pluso2urban.com\/index.php\/wp-json\/wp\/v2\/comments?post=809"}],"version-history":[{"count":43,"href":"http:\/\/pluso2urban.com\/index.php\/wp-json\/wp\/v2\/pages\/809\/revisions"}],"predecessor-version":[{"id":1247,"href":"http:\/\/pluso2urban.com\/index.php\/wp-json\/wp\/v2\/pages\/809\/revisions\/1247"}],"wp:attachment":[{"href":"http:\/\/pluso2urban.com\/index.php\/wp-json\/wp\/v2\/media?parent=809"}],"curies":[{"name":"wp","href":"https:\/\/api.w.org\/{rel}","templated":true}]}}